e the prime factors of 1393/7 + v*3?
193
Let v = -3639 + 5598. Suppose 5*i + 299 - v = 0. What are the prime factors of i?
2, 83
What are the prime factors of (31 - 30)/(1/6055)?
5, 7, 173
Let j(m) = -58*m + 61. Let u be j(0). Suppose -4*a - 4*s + 60 = -92, 5*a - 3*s = 174. Let c = a + u. List the prime factors of c.
97
Let d(n) = -30*n + 38. Let w be d(-4). Suppose -2*r + 5*q = -w, -279 = -5*r + q + 70. List the prime factors of r.
3, 23
What are the prime factors of 26997/2 - 1/(-7)*28/(-8)?
2, 17, 397
Suppose -7*o + 372 = -19*o. Let c = 309 - o. Suppose d - 112 = -m, -c = -3*m + d - 5*d. List the prime factors of m.
2, 3
Let z(u) = -u**2 + 10*u - 4. Suppose 17 = -7*d + 80. Let s be z(d). Suppose -s*x = 2*j - 87, 3*j - x - 148 = -5*x. What are the prime factors of j?
2, 7
Let g = 3 - -6. What are the prime factors of 1/g + 12 + 24024/54?
457
Let o = -71 + 163. Suppose -97*v + o*v = 165. Let i = v - -260. What are the prime factors of i?
227
Let p = -8471 - -24990. What are the prime factors of p?
16519
Suppose -4*m + 267 + 4207 = 2*i, m - 1129 = 3*i. Suppose 0 = 94*o - 90*o - m. List the prime factors of o.
2, 5, 7
Let x(i) = -i**3 - 2*i**2 + 9*i - 2. Let g be x(7). Suppose -1962 = -34*k + 31*k. Let l = g + k. List the prime factors of l.
2, 137
Suppose 32 + 8 = 8*c. What are the prime factors of 152340/420 - (c/7 - 1)?
3, 11
Suppose 8*x = 3*x + 40. List the prime factors of (-987)/(-12) - (-6)/x.
83
Suppose 7*g + 3*g + 100 = 0. Let h = g - -32. Suppose 0 = u - h - 171. What are the prime factors of u?
193
Let p(u) = 19*u**3 - 10*u**2 - 11*u + 160. Let i be p(10). Suppose 0*m + i = 25*m. What are the prime factors of m?
2, 19
Suppose y - 144 = -608. Let n = 1021 + y. List the prime factors of n.
557
Let y(l) = -724*l**3 + 5*l**2 + 11*l + 8. List the prime factors of y(-2).
2, 13, 223
Let t = -29886 + 46823. List the prime factors of t.
16937
Suppose 0 = -b - 0*b - 3*b. Suppose b = 2*g + 6 - 10. Suppose -g*u = y - 126, -2*u + 3*y = 3*u - 326. What are the prime factors of u?
2
What are the prime factors of ((-15)/25)/(3/(-5595)) + 0?
3, 373
Let c(h) = h**2 + 24*h + 148. Let z be c(-16). What are the prime factors of (-3135)/z*24*(-2)/9?
2, 11, 19
Let s(o) = 6*o**2 + 16*o + 70. Let w be s(-16). Suppose -10*c - w = -2*u - 5*c, 3*u - 2059 = -c. What are the prime factors of u?
5, 137
Let t = -4575 + 7854. Suppose s = v - 4*v + 3267, 0 = -3*v + 3*s + t. List the prime factors of v.
2, 5, 109
Let u(w) = -w**3 - 12*w**2 - 21*w - 6. Let g be u(-10). Suppose -1550 = -g*f - f. List the prime factors of f.
2, 5, 31
Suppose -6*o + 2*o = 4, -2*q + 2*o = -34. Suppose -q - 14 = -6*p. Suppose p*m + 0*m = 275. List the prime factors of m.
5, 11
Suppose 3*c - 6569 = 2*f - 18584, -3*f = -5*c - 18022. What are the prime factors of f?
3, 2003
Let u = 1476 + 2735. What are the prime factors of u?
4211
Let m = 208 - 284. Let g(f) = f**3 - 6*f**2 - 10*f + 8. Let a be g(6). Let i = a - m. List the prime factors of i.
2, 3
Let q(j) = -29*j + 61. Let u = -1 + 13. Let d be q(u). Let p = -178 - d. What are the prime factors of p?
109
Suppose 3*r + 30 = -3*b, -5*r - b - 104 + 62 = 0. What are the prime factors of -3531*(r + (-92)/(-12))?
11, 107
Let y = -186 - -180. List the prime factors of ((-8)/y)/((-2)/(2 + -1142)).
2, 5, 19
List the prime factors of (-19)/(114/(-36))*12/9 - -13963.
3, 4657
Suppose 5*p - 7*n = -3*n + 55236, -12 = -2*n. List the prime factors of p.
2, 3, 307
Let x(c) = -c**3 + 9*c**2 - 6*c - 8. Let y be x(8). What are the prime factors of (36/y)/9 - 421/(-2)?
211
Let g = 5024 - -6685. List the prime factors of g.
3, 1301
Suppose -486 = -7*k + 16*k. Let d = 60 + k. Suppose -d*i + 1085 = -i + n, 5*i = -3*n + 1085. What are the prime factors of i?
7, 31
Let d = 6190 - 327. What are the prime factors of d?
11, 13, 41
Suppose 13676 = 10*x - 7224. What are the prime factors of x?
2, 5, 11, 19
Let w = 379 - 364. Suppose 4*p = 4*s - 728, w*p + 8 = 11*p. What are the prime factors of s?
2, 3, 5
Let i(h) = -266*h + 506. What are the prime factors of i(-15)?
2, 281
Suppose -6*w = -50*w - 88. Let l(m) = -61*m**3 - m**2 - 22*m - 50. List the prime factors of l(w).
2, 239
Let g(l) be the first derivative of -1/4*l**4 - 11*l + 30 + 1/3*l**3 - 9/2*l**2. List the prime factors of g(-5).
2, 23
Suppose 2*f = -4*s + 8167 - 3275, 4*s - 4886 = -f. What are the prime factors of s?
2, 5, 61
Let z(v) = v**2 + 10*v - 1. Let j be (-31)/3 + (-108)/(-81). Let n be z(j). What are the prime factors of 4/n*(0 + -55)?
2, 11
Suppose -8*l = -4*l + 3*v + 84, -5*l = -4*v + 74. What are the prime factors of (-4202)/(-28) - l/(-252)?
2, 3, 5
Suppose 5*f = -r + 712, 3*r + 2905 = 7*r + f. Let h = r - 519. What are the prime factors of h?
2, 13
Let g(j) = -5*j**3 + 2*j + 1. Let i be g(-1). Let c be (1 + i/(-6))*1203. Suppose -6*x = -c - 13. What are the prime factors of x?
3, 23
Let s(n) = -118*n - 3357. List the prime factors of s(-34).
5, 131
Suppose -137474 - 43098 = -28*g. What are the prime factors of g?
6449
Let q(v) = 661*v - 5*v**3 + 665*v - 1342*v - 15*v**2 - 30. List the prime factors of q(-8).
2, 3, 283
Let f(x) = 11*x + 26. Let u be f(-2). Let t be 36/60 - (-12)/5. List the prime factors of t*(-1398)/(-54) - u/6.
7, 11
Suppose -7*j - 1 + 15 = 0. Suppose j*p - 4*p = -2*m - 770, 2*m + 380 = p. What are the prime factors of p?
2, 3, 5, 13
Let n(a) = -14*a - 5*a**2 + 12*a**2 - 8*a**2 + 0*a**2 - 8. Let t be n(-13). Suppose -4 = -t*w + 166. List the prime factors of w.
2, 17
Suppose 112*y - 82*y = 353*y - 9472298. What are the prime factors of y?
2, 11, 31, 43
Let f = 11631 + -7465. List the prime factors of f.
2, 2083
Suppose 9*q - 12*q = -45. Suppose 0 = 5*x + 4*u + 10, -2*x + 7*x = u + q. Suppose -3*l = 3*a - l - 21, -a + 7 = x*l. What are the prime factors of a?
7
Let i be 35*-3 - (9 - -1 - 8). Let j = 297 + i. What are the prime factors of j?
2, 5, 19
Let c = -635 + 437. Let w(m) = -78*m**2 - 2*m - 1. Let v be w(-1). Let f = v - c. What are the prime factors of f?
11
List the prime factors of -9 + 3 + (-7 - -13484) + 7.
2, 23, 293
Suppose -b - 4*g = 4, 2 = -b + g - 27. Let o be (-27632)/b - 4/(-6). Suppose -7*z = 2*z - o. What are the prime factors of z?
2
Let o = -140 - -145. Suppose -o*w - 1430 = -4*r - 3*w, r - 380 = -4*w. What are the prime factors of r?
2, 3, 5
Let r(n) = -29*n + 10. Let h(d) = -d**2 - 9*d + 14. Let w be h(-11). What are the prime factors of r(w)?
2, 11
Suppose -36*r + 35*r + 6327 = -2*c, 3*r - 18973 = -2*c. List the prime factors of r.
5, 11, 23
Let u = 357 - 390. List the prime factors of 698 + (u/3 - -8).
5, 139
Let a be (2 - (7 - 5))/1. List the prime factors of ((5 - a)/(-10))/(7/(-3752)).
2, 67
Let y(z) = z**3 - 17*z**2 - 34*z + 84. What are the prime factors of y(21)?
2, 3, 7
Suppose -6 + 46 = 8*k. Suppose -k*b + 3467 = -2*c + 175, 0 = -5*c + 20. Let j = -452 + b. List the prime factors of j.
2, 13
Suppose -3*h + 2*i + 15 = 0, -5*i + 6*i = 0. Suppose -5*p = -29 + 4, -3*d = h*p - 889. What are the prime factors of d?
2, 3
Suppose -5*p = -4*j + 12, -3 = -3*j + 2*j + 2*p. Suppose 5*r + y - 7025 = 4*y, -3*r - j*y = -4215. What are the prime factors of r?
5, 281
Suppose 3*s = -0*s + 228. Let u be (13 - (28 + -13))/((-4)/302). Let f = u - s. List the prime factors of f.
3, 5
Suppose -h = -3*i - 15, -4*h + 58 = -2*i - 12. Let s = h - 16. Suppose -4*w - s*v = -18, 3*w - 11 = 2*v - 4*v. List the prime factors of w.
7
Suppose -4*s = -2*c - c - 11, -4*c - 4 = 0. Let j(b) = b**2 - 3*b + 2. Let o be j(s). Suppose o = -k - 6*k + 28. List the prime factors of k.
2
Suppose 259748 + 108196 = 18*l + 108726. What are the prime factors of l?
14401
List the prime factors of ((-8469)/12 + 2)/(-4*9/720).
5, 563
Suppose 25*q = 3*x + 21*q - 2094, x = -q + 705. Let n = x + 291. List the prime factors of n.
3, 331
Let j = 4784 - 1344. List the prime factors of j.
2, 5, 43
Let q(n) = -78*n - 75. Let k be q(-22). Let p(h) = 5*h + 1626 + h - k. What are the prime factors of p(5)?
3, 5
Suppose -9 = -4*r + 3*b, -32 = -2*r - 2*b - 2*b. Suppose n + s = 443, -3*s = r*n - 0*s - 2646. List the prime factors of n.
439
Let p(k) = 0*k**3 + k**3 - 5*k + 67 - 12*k + 23*k + 4*k**2. What are the prime factors of p(-5)?
2, 3
Let i(m) = 864*m**2 - 194*m + 1617. What are the prime factors of i(